 j(w) = w**3 + 2*w**2 + 10*w - 24. Let a be 42/6 + -4 + 1. Is j(a) a multiple of 8?
True
Does 39 divide (-1)/(((-135)/89622)/15)?
False
Let x = 87374 - 23699. Is 25 a factor of x?
True
Let f = 317 - 313. Suppose f*y = -0*y + 20, -4*u + 1796 = -4*y. Does 14 divide u?
False
Suppose 9*c - 21194 = -n + 11973, -4*n = -5*c + 18417. Is c a multiple of 5?
True
Let z(n) = -156*n**3 + 9*n**2 + 4*n - 63. Is 23 a factor of z(-5)?
True
Suppose a + 9 = -i, -3*i - 20 - 2 = 2*a. Is 11 a factor of a*(-371)/35 - 4/(-2)?
True
Suppose -27*s + 3332 = -25*s - v, -2*v = 0. Suppose -4 = o, 0 = 3*p - 2*p + 4*o - s. Is 69 a factor of p?
False
Suppose 3*v + 3*y - 2481 = 0, 4*y - 350 = -342. Does 15 divide v?
True
Let f(t) = 25*t - 29. Let s be f(-5). Let m be 28/s + (-2)/(-11). Does 2 divide (-4)/10 + m + 67/5?
False
Suppose 303*x = 309*x - 6. Does 18 divide x + 4 - (-154 - -2)?
False
Let b(v) = -v**2 - 50*v + 60. Let o be b(-20). Let h = o - 525. Is h a multiple of 5?
True
Let i(s) = 16*s**2 + 12*s - 258. Does 15 divide i(11)?
False
Suppose -24*c + 9*c = -8715. Is c a multiple of 2?
False
Let s be -1 - -4 - (-13 + 16). Suppose -6*p - 325 + 1399 = s. Does 15 divide p?
False
Let x be 0 + (0 - 161) - 192/(-48). Let m = x - -235. Is 13 a factor of m?
True
Let y be (-2)/(-3) + 304/12. Let q = y + -23. Suppose q*j - 21 + 3 = 0. Does 5 divide j?
False
Suppose -3*v + 28 = 4*v. Let r be 5 - (1/(-5))/(3/(-15)). Suppose -396 = -2*k - r*y, 499 = v*k + 2*y - 263. Is 13 a factor of k?
False
Suppose 0 = -4*d + 86*a - 89*a + 222576, 4*d - 222576 = -2*a. Is d a multiple of 103?
False
Let d(u) = -18*u**3 - 3*u**2 - 2*u + 12. Let q be d(-3). Suppose -p = -o - 140, -3*p - 69 = 3*o - q. Is 2 a factor of p?
True
Let z = 6873 - -10552. Is z a multiple of 85?
True
Let t(f) = -4*f**3 - 8*f**2 - 35*f - 145. Is t(-7) a multiple of 18?
True
Suppose 7*c = 29*c - 704. Suppose 8 + c = 4*v. Is 10 a factor of v?
True
Suppose -12*p + 12284 = -6004. Suppose -3*d = -3*f + p, -4*f + 2*f - 2*d = -1012. Is f a multiple of 11?
False
Let j be ((-12)/9)/((-1)/(45/(-2))). Is 4 a factor of (18/j)/(2/(-110))?
False
Is 31 a factor of (2 + -3)/(245/(-7316435))?
False
Let b(z) = z**3 + 7*z**2 - 7*z - 7. Let r be b(-6). Suppose 3*h + 93 = -3*q, 3*h + 36 = 4*q - r. Is 6/h + (-1456)/(-22) a multiple of 6?
True
Let v = 9558 + -2927. Is 118 a factor of v?
False
Let y(g) = g**2 - 24*g + 37. Let s be y(33). Suppose -s = -8*i + 954. Is i a multiple of 7?
True
Let b be (-25355)/77 + (-4)/(-14). Let l = -171 - b. Is l a multiple of 7?
False
Does 21 divide (-2 - -5 - -2364)/((-48)/(-224))?
True
Let q(i) = 22*i**2 - 4*i - 224. Does 16 divide q(-12)?
True
Suppose -9 = 285*l - 286*l. Suppose -l*g - 418 = -13*g - b, 0 = 5*g - 3*b - 514. Is g a multiple of 26?
True
Is (10/(-30)*-1164)/(2/68) a multiple of 32?
False
Suppose 155 = a + 711. Let z be 516/(-36) + 2/6. Is a/(-7) + (-22)/z + -2 a multiple of 15?
False
Suppose 3*q - 15 = 0, -4*m - m - 5*q + 165 = 0. Let n be 92/m + (-4)/14. Suppose 0*g = -2*g + n*d + 47, 5*g - 143 = -d. Is 14 a factor of g?
True
Does 19 divide (1406/(-4))/((-5254)/40848 - (-2)/23)?
True
Is 4 a factor of 1/(-2)*1 - (-13776)/32?
False
Suppose 3*k + 28 + 176 = 0. Let g = k - -83. Suppose 12*c + 108 = g*c. Is c a multiple of 5?
False
Let m(z) = -20*z - 18. Let w(j) = -j - 1. Let x(a) = -m(a) + 6*w(a). Let p be x(6). Suppose -p = -t - t. Is 24 a factor of t?
True
Suppose 507 = 8*i + 483. Is 7 a factor of 22 + (18 - 9 - i)?
True
Let y be 2/7 + 36/21. Suppose 0*n + 2*j - 460 = -n, -5*n = y*j - 2260. Suppose -10*u + u = -n. Is u a multiple of 2?
True
Let t = 102 + -57. Is 73 a factor of (1314/(-8))/(t/(-120))?
True
Suppose v - 2190 = 5*h, -6*h + 8*h + 2202 = v. Suppose 0 = 14*x - 31*x + v. Is 35 a factor of x?
False
Suppose -27*s - 855 = -30*s. Let q = s - -106. Is 15 a factor of q?
False
Let y be 3/1 + (13 - 10). Suppose -2*t = 84 - y. Let f = -31 - t. Is f a multiple of 4?
True
Let i = -11001 + 15171. Is 6 a factor of i?
True
Suppose 0 = v + 56 - 112. Suppose g - 2*m - m - 44 = 0, 5*m = g - 44. Let n = g + v. Does 10 divide n?
True
Let a = -375 + 237. Let r = a - -262. Let u = r + -53. Is 12 a factor of u?
False
Suppose 0 = -3*v - 18, 2*t + 21*v = 18*v + 2274. Is t a multiple of 4?
False
Let h be 28/(-5)*11/(176/(-2760)). Suppose -23*f + 21574 - h = 0. Does 64 divide f?
True
Suppose 5*i + 134 = 7*m - 8*m, 718 = -5*m - i. Let j(n) = -234*n**3 + n**2 + n + 1. Let b be j(-1). Let k = m + b. Does 13 divide k?
True
Let m = 2345 - 1735. Does 61 divide m?
True
Let u be (-22)/(-6) - (-20)/(-30). Let x(j) = j + 2. Let v be x(u). Suppose -103 = -v*f + 27. Is 20 a factor of f?
False
Let k(w) be the first derivative of -w**3/3 + 15*w**2/2 + 8*w + 8. Let f be k(15). Suppose 3*m + 11*j - 150 = f*j, 5*m = -j + 242. Does 8 divide m?
True
Suppose 256*o = -98*o + 4861482. Is o a multiple of 6?
False
Let t(w) = -w**3 + 20*w**2 - 38*w + 35. Let l be t(18). Does 23 divide (l/10*4)/((-2)/920)?
True
Let a = -15 - -36. Suppose -s = -123 + a. Is 12 a factor of (-1)/1*s/(-1)?
False
Let d be (108/15)/(4/290). Suppose -4*s + d = -s. Let l = s + -25. Does 23 divide l?
False
Let v(u) = -12*u**2 - 19*u - 142. Let w be v(-7). Let j = 1045 + w. Is 14 a factor of j?
True
Let k = -11 + 7. Let l be (k/(-8))/((-3)/(-156)). Let p = l - -34. Is p a multiple of 11?
False
Let n(a) = -a**3 - 16*a**2 - 2*a - 23. Let j be (93/(-15) + 3)*5. Let q be n(j). Is 14 a factor of 128/q + (-6)/27?
True
Let s be (33/18)/(1/(-24)*-4). Suppose -3*d - 3*x + 120 = 0, -4*d - s*x + 164 = -9*x. Is 3 a factor of d?
True
Let f be (-8)/(-72) + 646/18. Suppose -f*x = -4*x - 2816. Does 22 divide x?
True
Let a(g) = -2*g + 2. Let u be a(0). Suppose -51 = -u*r - r. Let i(m) = 3*m + 29. Is i(r) a multiple of 12?
False
Let i(o) = -40*o + 6524. Is i(100) a multiple of 8?
False
Suppose -c + 424 - 12 = 0. Suppose 19*l - c = 17*l. Does 29 divide l?
False
Suppose -3*t - 215 = -5*f, -47 = -f - t - 4. Let i = f + -36. Suppose -18 = 5*y - i*y. Does 2 divide y?
False
Suppose 2*m - 4*m = 2*s + 1152, 3*s = -4*m - 2308. Let k = 821 + m. Is k even?
False
Let l be ((2 - -2) + (-12 - -1))*-1. Let b be -1*4*(-6)/8. Suppose -l*c = -b*c - 220. Is c a multiple of 11?
True
Is 174970/4*13*32/1040 a multiple of 24?
False
Let x be ((3 + -15)/36)/(2/(-48)). Suppose -x*r + 886 = -610. Is r a multiple of 25?
False
Let y = -50 + 44. Let p(k) = k**2 + 5*k - 4. Let v be p(y). Suppose 0 = -v*u + j + 342, -u + 2*u + 3*j = 157. Is 13 a factor of u?
True
Suppose 4*s = 5*k - 364, 0 = -4*k - 5*s - 153 + 477. Suppose -2*a - 5*c - 35 = 0, 4*c + k = -a - 3*a. Let q = 40 - a. Is q a multiple of 20?
True
Suppose -2*a - 10 = f + 3*a, -a = -2*f + 24. Suppose -2 = -3*s + f. Suppose -s*v = 2*n - 420, v - n = -4*n + 100. Is 28 a factor of v?
False
Suppose 2*j + 12 = 2*l, -3*l + 5*l + 3*j + 3 = 0. Suppose -2*r - 1578 + 23 = -l*x, -2*x + 3*r + 1030 = 0. Suppose -8*v + 71 = -x. Is 12 a factor of v?
False
Let a(g) = 73 + 12*g**2 - 5*g - 6*g + 2*g - 107 - g. Is 17 a factor of a(-7)?
False
Is (-22704)/((-51)/(-119) - 54/28) a multiple of 11?
True
Suppose -693 = 4*a - 765. Does 11 divide 174 + -4 + a/3?
True
Let w(k) = -2 + k**2 - 866*k + 843*k + 0 - 1. Does 69 divide w(-16)?
True
Suppose -31*l = -2*j - 26*l + 39909, -5*j - 4*l = -99756. Does 232 divide j?
True
Suppose -5*t - 2*r + 1404 = 0, t + 0*t = -2*r + 276. Let l = 134 + t. Is l a multiple of 7?
False
Suppose -2*p = -i + 919, 4*i - 27*p = -22*p + 3658. Is i a multiple of 3?
False
Let d = 2496 - 686. Is 189 a factor of d?
False
Let g(c) = -41*c**2 - 23*c - 14. Let k be g(5). Let h = -18 - k. Is h a multiple of 31?
False
Suppose 170*b - 165*b = 1185. Suppose 0 = -243*n + b*n + 9498. Is n a multiple of 46?
False
Let p(k) = -k**3 + 3*k**2 + 28*k - 8. Let y be p(9). Let v = y + 272. Is 5 a factor of v?
True
Let o(t) = 11*t + 56. Let p(y) = 2*y - 1. Suppose -3*m - 5 = -8. Let x(u) = m*o(u) - 6*p(u). Does 5 divide x(9)?
False
Suppose -29*k + 26*k + 6 = 0. Suppose -k*c = -9*c + 224. Is 51 a factor of 6/(-8) - 0 - (-3512)/c?
False
Let z(x) = -1079*x - 1705. Does 14 divide z(-4)?
False
Suppose 2*s - 9 = h, -s - 18 = -6*s - 2*h. Let c(z) = 6*z**2 - 7*z + 7. Let n be c(s). Let k = 139 - n. Does 13 divide k?
False
Let a(p) = -7*p**2 - 6*p + 54. Let m be a(-8). Let l = -332 - m. Is 7 a